sor of s and i?
1
Let y(t) = -t**3 - 2*t**2 - 5*t + 6. Let k be y(4). Let u = -54 - k. What is the greatest common divisor of u and 8?
8
Let a(w) = 6 + 0*w + 10*w - 7 + 5*w. Let z be a(1). Let t be (-584)/(-6) - 6/(-9). What is the greatest common factor of z and t?
14
Let u(w) be the first derivative of -1/4*w**4 + 8/3*w**3 - 7/2*w**2 + 2 + 8*w. Let a be u(7). Calculate the highest common factor of a and 64.
8
Let h be (-6)/4*2 + 4 + 7. What is the highest common factor of 32 and h?
8
Let o = -7 + 3. Let y = o - -15. What is the greatest common factor of y and 88?
11
Let u(d) = -4*d - 2. Let t be u(-8). Calculate the highest common factor of 5 and t.
5
Suppose -24 = -v + 13. Calculate the highest common factor of v and 259.
37
Suppose -2 + 6 = 4*t. Let d(v) = 25*v - 1. Let s be d(t). Calculate the highest common factor of 60 and s.
12
Let i(y) = y**3 + 5*y**2 - 4*y. Let c be i(-5). Let g be c/(-70) + 93/7. Let w be (-67)/(-5) + (-2)/5. What is the highest common divisor of w and g?
13
Let t = 77 + -27. What is the greatest common factor of 40 and t?
10
Let z be 1/((-4)/228)*-1. Suppose -z - 27 = -3*i. Suppose 4*l + 250 = 5*g - 104, -l = -2*g + 141. What is the greatest common factor of g and i?
14
Let a be 6/(-10) - 18/(-30). Suppose a = -3*r - 4*f + 44, 91 = 5*r - 2*f + 35. What is the greatest common factor of r and 84?
12
Suppose 4 = 5*w - 3*w. Let h = -37 + 38. Calculate the highest common divisor of w and h.
1
Suppose -252 = 17*g - 21*g. What is the highest common divisor of g and 7?
7
Suppose -2*x = -x - 19. Suppose 3*r + 0 = 6. Suppose z = v - x, -v - 2*v - r*z = -62. What is the highest common divisor of 30 and v?
10
Suppose 3*a + 630 = 12*a. Calculate the greatest common factor of 10 and a.
10
Let o(b) = -b + 2. Let i be o(2). Let n = i - -6. What is the greatest common divisor of 24 and n?
6
Let n(q) = 2*q + 3. Let a be n(0). What is the greatest common divisor of 33 and a?
3
Let l(u) = u**3 - 12*u**2 + 2. Let t be l(12). Suppose -28 = -3*b + t*p, -4*p + 26 = 4*b - 18. Calculate the greatest common factor of b and 2.
2
Let l be (3 - 3) + -2 + 90. What is the greatest common factor of 11 and l?
11
Suppose 5*c - 49 = -6*p + 3*p, c + 3*p - 5 = 0. Calculate the highest common factor of c and 11.
11
Let b = 1 - 1. Suppose -3*s - 6 = -s. Let q be (-14 - s)/(-1 - b). What is the highest common divisor of q and 121?
11
Suppose -4*i + 10 = -3*i + x, -2*i + 23 = -x. Let j(c) = c**3 - 10*c**2 + 3*c - 2. Let g be j(i). Calculate the highest common divisor of 19 and g.
19
Suppose -347 = -7*p + 437. What is the greatest common divisor of p and 16?
16
Suppose 4*y - 50 = -5*d, d + 3*y = -2*d + 30. Suppose 92 = 2*a + 4*m, -3*m = -a + 6*a - 244. What is the highest common divisor of a and d?
10
Let r be 2 - (-3)/9*3. What is the highest common factor of r and 15?
3
Let h(l) = l**3 - l**2 + 2*l + 12. Let r be h(0). What is the highest common divisor of r and 4?
4
Let d = 16 - 10. Let g be 240/9 - (-2)/d. Suppose -24 + 6 = -b. What is the greatest common factor of b and g?
9
Suppose 4 = -i, 0*i - 3*i + 116 = 4*o. Suppose -4*u - 4 = 4*q, -4*q + u = -2*u - 31. What is the greatest common factor of q and o?
4
Let p = -22 - -25. Let f(z) = -z**3 + 4*z**2 + 2*z - 2. Let x be f(p). What is the greatest common divisor of x and 13?
13
Let w = 132 + -74. Calculate the highest common divisor of w and 29.
29
Let t be (-2)/(2 + 192/(-94)). Suppose 2*m - t = d + 4*d, -4*m - 2*d = -58. What is the greatest common divisor of 24 and m?
8
Suppose 2*i = -2*i - 4*p - 28, i + 5*p + 27 = 0. Let k = i - -7. Calculate the highest common factor of k and 5.
5
Suppose -144 = -4*u - 0. Calculate the greatest common divisor of 18 and u.
18
Let z = -154 - -221. Suppose z = -5*f + 217. Let y be 44/3 + (-2)/(-6). What is the greatest common factor of y and f?
15
Suppose 2*v = -2*g - 2, 5 - 10 = 5*g + 4*v. Let i = 2 + g. Suppose 3*l - 7*l + 44 = 0. What is the greatest common factor of i and l?
1
Suppose -2*d + 201 = -5*u, -119 = u + 2*u - 2*d. Let v = u + 97. Let k be (-16)/v + (-88)/(-14). What is the highest common factor of k and 1?
1
Suppose -2*o - 54 = -0*o. Let w = o - -39. Calculate the greatest common factor of w and 60.
12
Suppose -7 = -2*b + 1. What is the highest common divisor of b and 20?
4
Let c(m) = 2*m**2 + 3*m - 15. Let o be c(6). What is the highest common divisor of 25 and o?
25
Suppose 0 = -5*x - 25, 5*x + 12 = 5*d - 33. Suppose 9*l - d*l - 5*k = 0, 3*k = 6. What is the highest common factor of l and 5?
1
Let q be (0 + -3)*8/(-6). Let p = 1 + q. Let j = -1 + p. Calculate the highest common divisor of j and 10.
2
Suppose 45 = 2*l + 3*l. Suppose 5*q - 95 = -50. What is the greatest common divisor of l and q?
9
Suppose -2*m = 5*n - 71, -4*m + 4*n = -0*n - 100. Let x be 1 - ((0 - -3) + -6). Calculate the greatest common factor of m and x.
4
Suppose 3*i = 3*x - 54, -51 = -2*x - x + 2*i. Calculate the highest common divisor of 10 and x.
5
Let d = 22 + -3. Suppose 0 = -0*c - c + 2, -5*c + 105 = 5*h. What is the highest common divisor of d and h?
19
Suppose 0*u - 264 = -3*u. What is the highest common divisor of 8 and u?
8
Suppose 4*n - 17 = -3*s + 3*n, -2 = 2*n. Suppose f - 2 = s. Let b = 3 + 1. What is the greatest common factor of f and b?
4
Suppose -1 = s - 4. Suppose -3*g + 6 = -s*n, 2*n + 3 + 11 = 4*g. What is the highest common divisor of 9 and n?
3
Suppose 4*p = -w + 3*w + 598, -2*p + 309 = -3*w. Let t = -59 + p. Calculate the greatest common divisor of t and 22.
22
Let s be -4*(-1)/(4/15). Let n(z) = -z**2 + 19*z - 18. Let g be n(13). Calculate the highest common divisor of s and g.
15
Suppose -3*w + 484 = 3*t + w, -2*w - 318 = -2*t. Calculate the highest common factor of 32 and t.
32
Let i be (-6)/14 - 1370/70. Let w = 34 + i. Calculate the greatest common factor of 42 and w.
14
Suppose -4*g - 5 = -53. Let b(q) = -8*q + 12. Let r be b(-6). What is the highest common factor of r and g?
12
Let a be ((-34)/(-3))/(6/45). Suppose 5*z + 5*i - 75 = 0, 3*i = 2*z - 0*i - 40. Calculate the highest common factor of a and z.
17
Let r = -184 - -191. What is the highest common factor of r and 161?
7
Let j = 128 - 80. Suppose 6*u + 3*z = u + j, 24 = 3*u + 3*z. What is the greatest common divisor of 84 and u?
12
Let z = -44 - -50. Calculate the greatest common divisor of 66 and z.
6
Let a be 59 - 1 - (-2 - -5). Let z = a - 39. Calculate the highest common divisor of 2 and z.
2
Let c be ((-88)/3)/(3/(-9)). Let s be (51/12)/((-2)/(-8)). Suppose 4*i + 3*a = 27 + s, -2*a - 24 = -4*i. Calculate the greatest common divisor of c and i.
8
Suppose 10*k - 5*k - 100 = 0. Suppose 4*a = -4*b + k, 0 = 2*b - 7*b + a + 7. Suppose -22 = -d - b. Calculate the highest common divisor of d and 40.
20
Let h(b) = -b**3 - 5*b**2 + 7*b + 2. Let k be h(-6). Let m be (25/k)/(4/32). Let c = -30 - m. What is the greatest common factor of c and 50?
10
Let f be 30/4*(-28)/(-21). Let c be ((-45)/f)/(6/(-32)). What is the greatest common factor of 36 and c?
12
Suppose -4*h + 2*o + 202 = -0*o, 0 = h - 2*o - 49. Calculate the highest common factor of h and 34.
17
Let o(d) = d**2 + 2*d - 18. Let m be o(12). Let j(y) = 7*y**2 + y - 2. Let k be j(-2). Suppose 0 = -t + 1 + k. What is the greatest common divisor of t and m?
25
Let w(b) = -b**3 - 5*b**2 + 4*b + 5. Let f be w(-6). Suppose 0 = 2*n - 21 - f. Calculate the greatest common divisor of 152 and n.
19
Let w(p) = -p**3 - 11*p**2 - 32*p - 15. Let o be w(-7). Let t(v) = -v + 162. Let m be t(0). Let l = m - 45. Calculate the highest common divisor of l and o.
13
Let t(i) = 5*i**2 - 2*i + 3. Let h be t(-3). What is the highest common factor of h and 27?
27
Let o(c) = -4*c. Let u be o(-1). Suppose 0 = -3*l - 3*d + 150, 6*l = 5*l - u*d + 38. Calculate the highest common divisor of 18 and l.
18
Suppose -3*n - 2*n + 126 = 3*z, 18 = n + 3*z. What is the highest common factor of 27 and n?
27
Let o be 3/6 - 54/(-4). Suppose o = -0*z + 2*z. Suppose -68*q - 154 = -70*q. Calculate the greatest common factor of q and z.
7
Let r be 7/35 - (-1264)/5. What is the highest common divisor of 23 and r?
23
Let d(f) = -f**3 - 8*f**2 - 8*f + 2. Let r be d(-7). Calculate the highest common divisor of 81 and r.
9
Let p = -13 + 19. Suppose o = -o + p. Suppose 0*y + 4*y = o*q - 72, 0